{"id":1395,"date":"2025-03-30T14:57:43","date_gmt":"2025-03-30T12:57:43","guid":{"rendered":"https:\/\/tmv-spital.at\/?page_id=1395"},"modified":"2025-05-06T19:53:45","modified_gmt":"2025-05-06T17:53:45","slug":"ferk-anna","status":"publish","type":"page","link":"https:\/\/tmv-spital.at\/?page_id=1395","title":{"rendered":"Ferk Anna"},"content":{"rendered":"\n<h2>Ferk Anna<\/h2>\n\n\n\n<p>seit 2006 beim TMV<\/p>\n\n\n\n<p class=\"has-large-font-size\"><strong>Kassier<\/strong><\/p>\n\n\n\n<div class=\"wp-block-columns\">\n<div class=\"wp-block-column\" style=\"flex-basis:66.66%\">\n<p>Unsere Anni ist bereits seit einigen Jahren als Kassier in unserem Verein t\u00e4tig. Sie ist wahrlich unsere Finanzministerin, denn rund um die Ein- &amp; Ausgaben des Vereins hat sie alles genauestens im Blick. Anni ist nicht nur als Vorstandsmitglied, sondern auch als Ehefrau unseres Erwins immer als Unterst\u00fctzung bei Ausr\u00fcckungen dabei&#8230;und wenn sie nach einer Probe bereits im Aufenthaltsraum auf uns wartet, freuen wir uns auf ein gem\u00fctliches Beisammensein mit jeder Menge guter Unterhaltungen. <\/p>\n<\/div>\n\n\n\n<div class=\"wp-block-column\" style=\"flex-basis:33.33%\">\n<div class=\"wp-block-image\"><figure class=\"aligncenter size-large is-resized\"><img loading=\"lazy\" src=\"https:\/\/tmv-spital.at\/wp-content\/uploads\/2025\/03\/Spital-Trachtenmusikverein-picphias-51-681x1024.jpg\" alt=\"\" class=\"wp-image-1396\" width=\"198\" height=\"298\" srcset=\"https:\/\/tmv-spital.at\/wp-content\/uploads\/2025\/03\/Spital-Trachtenmusikverein-picphias-51-681x1024.jpg 681w, https:\/\/tmv-spital.at\/wp-content\/uploads\/2025\/03\/Spital-Trachtenmusikverein-picphias-51-200x300.jpg 200w, https:\/\/tmv-spital.at\/wp-content\/uploads\/2025\/03\/Spital-Trachtenmusikverein-picphias-51-768x1154.jpg 768w, https:\/\/tmv-spital.at\/wp-content\/uploads\/2025\/03\/Spital-Trachtenmusikverein-picphias-51-1022x1536.jpg 1022w, https:\/\/tmv-spital.at\/wp-content\/uploads\/2025\/03\/Spital-Trachtenmusikverein-picphias-51-1363x2048.jpg 1363w, https:\/\/tmv-spital.at\/wp-content\/uploads\/2025\/03\/Spital-Trachtenmusikverein-picphias-51-scaled.jpg 1703w\" sizes=\"(max-width: 198px) 100vw, 198px\" \/><\/figure><\/div>\n<\/div>\n<\/div>\n","protected":false},"excerpt":{"rendered":"<p>Ferk Anna seit 2006 beim TMV Kassier Unsere Anni ist bereits seit einigen Jahren als Kassier in unserem Verein t\u00e4tig. Sie ist wahrlich unsere Finanzministerin, &hellip;<\/p>\n","protected":false},"author":1,"featured_media":0,"parent":0,"menu_order":0,"comment_status":"closed","ping_status":"closed","template":"","meta":[],"_links":{"self":[{"href":"https:\/\/tmv-spital.at\/index.php?rest_route=\/wp\/v2\/pages\/1395"}],"collection":[{"href":"https:\/\/tmv-spital.at\/index.php?rest_route=\/wp\/v2\/pages"}],"about":[{"href":"https:\/\/tmv-spital.at\/index.php?rest_route=\/wp\/v2\/types\/page"}],"author":[{"embeddable":true,"href":"https:\/\/tmv-spital.at\/index.php?rest_route=\/wp\/v2\/users\/1"}],"replies":[{"embeddable":true,"href":"https:\/\/tmv-spital.at\/index.php?rest_route=%2Fwp%2Fv2%2Fcomments&post=1395"}],"version-history":[{"count":5,"href":"https:\/\/tmv-spital.at\/index.php?rest_route=\/wp\/v2\/pages\/1395\/revisions"}],"predecessor-version":[{"id":1527,"href":"https:\/\/tmv-spital.at\/index.php?rest_route=\/wp\/v2\/pages\/1395\/revisions\/1527"}],"wp:attachment":[{"href":"https:\/\/tmv-spital.at\/index.php?rest_route=%2Fwp%2Fv2%2Fmedia&parent=1395"}],"curies":[{"name":"wp","href":"https:\/\/api.w.org\/{rel}","templated":true}]}}